mber?
True
Is 1065031 a prime number?
False
Is 111356621 prime?
True
Is 23718683 prime?
True
Is 45537001 composite?
False
Is 923537 a prime number?
False
Is 2094439 a prime number?
True
Is 21432949 composite?
False
Is 31747 prime?
False
Is 398591 composite?
False
Is 6945415 a composite number?
True
Is 839957 a prime number?
True
Is 12185165 prime?
False
Is 371731623 a prime number?
False
Is 22300627 composite?
False
Is 3692639 a prime number?
False
Is 16306811 a prime number?
True
Is 24099371 a composite number?
True
Is 6290727 a composite number?
True
Is 372668243 prime?
True
Is 3917549 prime?
True
Is 61968059 composite?
False
Is 9935591 composite?
True
Is 903276841 prime?
True
Is 163563355 a composite number?
True
Is 66602222 a composite number?
True
Is 18789877 a composite number?
True
Is 4221941 a prime number?
True
Is 34347737 a prime number?
True
Is 301577 composite?
False
Is 48013781 a composite number?
False
Is 10346909 composite?
True
Is 79177 prime?
False
Is 14937907 prime?
False
Is 52540781 composite?
True
Is 5793577 prime?
True
Is 1433669 a composite number?
False
Is 118660579 composite?
False
Is 1271220243 a composite number?
True
Is 17621573 a composite number?
True
Is 21387757 composite?
False
Is 119683567 a prime number?
False
Is 5138929 prime?
True
Is 1237897 prime?
True
Is 1360409 composite?
False
Is 949889 a prime number?
True
Is 2695783 composite?
True
Is 203360693 a prime number?
False
Is 13170397 a composite number?
True
Is 16667437 a prime number?
False
Is 171128939 prime?
True
Is 195209533 a prime number?
False
Is 412939 a composite number?
False
Is 100331657 a composite number?
False
Is 11662557 composite?
True
Is 106242473 composite?
True
Is 394841 a composite number?
True
Is 2750035 a composite number?
True
Is 461129 composite?
True
Is 2813729 composite?
True
Is 25491913 a prime number?
True
Is 17306651 composite?
False
Is 301031 a prime number?
False
Is 431789627 a composite number?
False
Is 48232291 prime?
False
Is 1189553 a prime number?
True
Is 43581229 a composite number?
True
Is 25867 composite?
False
Is 17390399 composite?
True
Is 3112909 prime?
True
Is 14459447 a composite number?
False
Is 24636139 composite?
True
Is 6764873 composite?
False
Is 1023761 a prime number?
False
Is 9254023 a composite number?
False
Is 18776113 composite?
False
Is 963563 prime?
False
Is 52137557 composite?
True
Is 8572843 a prime number?
False
Is 357324983 composite?
True
Is 10372949 prime?
False
Is 2754287 a prime number?
False
Is 74909 a prime number?
False
Is 2749753 a prime number?
False
Is 203624731 a composite number?
False
Is 21197758 a prime number?
False
Is 4480797 a prime number?
False
Is 5621717 a prime number?
False
Is 3717989 composite?
True
Is 454673 a prime number?
True
Is 28695479 a composite number?
False
Is 785539 a composite number?
True
Is 262930463 a prime number?
True
Is 379751 prime?
True
Is 986335439 a prime number?
True
Is 3355291 composite?
False
Is 5359157 prime?
True
Is 16723061 a composite number?
False
Is 3069244241 prime?
False
Is 15884761 a composite number?
False
Is 18607529 a prime number?
False
Is 8886349 a prime number?
False
Is 14096657 a prime number?
True
Is 236408071 composite?
False
Is 225679 prime?
False
Is 2727559 a composite number?
False
Is 4191883 prime?
False
Is 2417119 a prime number?
True
Is 1482385 a composite number?
True
Is 825229 prime?
True
Is 24901379 a prime number?
False
Is 26328233 composite?
False
Is 7608017 composite?
False
Is 146510191 a prime number?
True
Is 1864979 a composite number?
False
Is 1520194805 a prime number?
False
Is 9831851 prime?
True
Is 417227 a prime number?
True
Is 13361846 composite?
True
Is 105132217 a composite number?
True
Is 229093 a composite number?
False
Is 64962173 composite?
True
Is 40780973 a prime number?
False
Is 4198223 a composite number?
True
Is 2637391 prime?
False
Is 1877359 composite?
True
Is 11192647 a prime number?
False
Is 457858169 prime?
False
Is 424868941 a prime number?
False
Is 4722703 a prime number?
True
Is 4029863 a prime number?
True
Is 222311689 a composite number?
True
Is 20590693 composite?
False
Is 35897987 a composite number?
False
Is 11944739 a prime number?
False
Is 7018483 a composite number?
True
Is 6574781 composite?
True
Is 1382159 composite?
False
Is 2485531 composite?
True
Is 2203003 composite?
True
Is 90313 a composite number?
False
Is 106822622 composite?
True
Is 14792917 prime?
True
Is 9625871 prime?
True
Is 151636565 composite?
True
Is 2980603 composite?
True
Is 238913659 a prime number?
False
Is 3845782 a composite number?
True
Is 4198937 composite?
False
Is 1037213 a composite number?
False
Is 4530479 prime?
False
Is 113588623 a prime number?
False
Is 39835561 composite?
True
Is 7032569 a composite number?
False
Is 33196641 composite?
True
Is 59016593 prime?
True
Is 7812551 prime?
True
Is 3716579 a composite number?
True
Is 29502809 a prime number?
False
Is 87036857 prime?
True
Is 10583039 a prime number?
True
Is 217207651 a prime number?
False
Is 1964363 a prime number?
True
Is 11777629 prime?
True
Is 38020529 a composite number?
False
Is 8165411 composite?
False
Is 110865509 composite?
True
Is 191598609 prime?
False
Is 10809599 a composite number?
False
Is 124792469 composite?
True
Is 5260742 prime?
False
Is 50182529 prime?
False
Is 9268513 prime?
True
Is 114854479 composite?
True
Is 46352639 a composite number?
False
Is 1076092921 composite?
False
Is 48706837 composite?
True
Is 43778063 a prime number?
False
Is 45005465 composite?
True
Is 780841 a composite number?
False
Is 4067137 a composite number?
False
Is 51584303 a composite number?
False
Is 25420173 composite?
True
Is 1789493 a composite number?
False
Is 74099279 composite?
False
Is 67700093 a prime number?
True
Is 5783477 prime?
False
Is 89165653 composite?
True
Is 71107759 composite?
False
Is 16923457 prime?
True
Is 312113 composite?
True
Is 8819 composite?
False
Is 102887593 a prime number?
True
Is 230545061 composite?
False
Is 120791533 a prime number?
True
Is 216569 a composite number?
False
Is 3871871 prime?
True
Is 5939051 a prime number?
True
Is 35941141 a composite number?
True
Is 118561 a composite number?
True
Is 441062719 a prime number?
False
Is 35304103 a prime number?
False
Is 87597077 composite?
True
Is 874142 a composite number?
True
Is 134216189 composite?
False
Is 419821 prime?
True
Is 4838063 composite?
False
Is 49512553 prime?
True
Is 497551 prime?
True
Is 125961895 a prime number?
False
Is 45073942 composite?
True
Is 196320529 a prime number?
False
Is 33872569 prime?
True
Is 923017 prime?
True
Is 2279669 prime?
False
Is 3718097 composite?
False
Is 292417997 a composite number?
False
Is 117613199 prime?
False
Is 36774037 a composite number?
False
Is 10125769 a prime number?
False
Is 550633 prime?
False
Is 10338401 composite?
False
Is 13008389 composite?
True
Is 15442559 composite?
True
Is 468499 prime?
True
Is 175002911 composite?
True
Is 204145793 composite?
False
Is 17417941 a prime number?
True
Is 8401069 a prime number?
False
Is 5240633 a composite number?
True
Is 331842673 a prime number?
True
Is 2094973 composite?
False
Is 105223777 a composite number?
True
Is 3466067 prime?
False
Is 8270401 composite?
True
Is 154243 composite?
False
Is 104279141 composite?
True
Is 1328779 prime?
False
Is 82547419 composite?
True
Is 627251 a composite number?
False
Is 82539631 prime?
True
Is 15100903 prime?
False
Is 11745499 a composite number?
False
Is 5536759 a composite number?
True
Is 10894253 composite?
False
Is 1353049 composite?
True
Is 680555891 a prime number?
True
Is 2662217 a prime number?
False
Is 38383558 composite?
True
Is 630577 prime?
True
Is 9332859 prime?
False
Is 1789751 composite?
False
Is 84954983 prime?
True
Is 227557417 prime?
False
Is 4711621 composite?
False
Is 838709 a prime number?
False
Is 158462167 a prime number?
True
Is 4370231 prime?
False
Is 772789 prime?
True
Is 183832787 a prime number?
False
Is 633362771 a prime number?
False
Is 391756841 a prime number?
False
Is 317068897 a composite number?
False
Is 3730499 a composite number?
False
Is 4431319 a composite number?
True
Is 59375291 composite?
True
Is 43291757 prime?
True
Is 322712869 a composite number?
False
Is 5469209 a prime number?
False
Is